e factors of 16050112.
2, 13, 101, 191
What are the prime factors of 3632521321?
11, 13, 41, 47659
What are the prime factors of 446128379?
19, 1613, 14557
List the prime factors of 20851549.
20851549
What are the prime factors of 242342602?
2, 3533, 34297
What are the prime factors of 43209806?
2, 2621, 8243
What are the prime factors of 42685760?
2, 5, 13, 31, 331
What are the prime factors of 59752181?
47, 223, 5701
What are the prime factors of 31643056?
2, 19, 104089
List the prime factors of 101880924.
2, 3, 127, 66851
List the prime factors of 38389197.
3, 7, 11, 23741
List the prime factors of 1680522875.
5, 431, 31193
What are the prime factors of 27517160?
2, 5, 11, 62539
List the prime factors of 1884106685.
5, 17, 31, 715031
What are the prime factors of 2437395119?
31, 78625649
List the prime factors of 392212472.
2, 29, 1690571
List the prime factors of 86618403.
3, 1069363
What are the prime factors of 182045002?
2, 41, 293, 7577
List the prime factors of 1430534844.
2, 3, 79, 55889
List the prime factors of 865629777.
3, 353, 817403
List the prime factors of 168127969.
1373, 122453
What are the prime factors of 143239424?
2, 559529
What are the prime factors of 12886699?
7, 1840957
What are the prime factors of 465636471?
3, 2333, 66529
List the prime factors of 1271683963.
11, 17, 823, 8263
What are the prime factors of 2569966709?
23, 281, 397643
What are the prime factors of 53940074?
2, 26970037
What are the prime factors of 423979720?
2, 5, 379, 27967
List the prime factors of 258803642.
2, 643, 201247
What are the prime factors of 274867535?
5, 5437, 10111
What are the prime factors of 3624274327?
8803, 411709
What are the prime factors of 45256801?
23, 239, 8233
What are the prime factors of 25197015?
3, 5, 1679801
What are the prime factors of 8115397385?
5, 1623079477
List the prime factors of 4519293313.
67, 67452139
What are the prime factors of 3013213260?
2, 3, 5, 79, 463, 1373
List the prime factors of 1004909268.
2, 3, 11, 31, 241, 1019
What are the prime factors of 1641444879?
3, 17449, 31357
What are the prime factors of 554988229?
23, 43, 561161
What are the prime factors of 4157040?
2, 3, 5, 17321
What are the prime factors of 98591489?
173, 569893
What are the prime factors of 366442069?
7, 443, 118169
List the prime factors of 15863618.
2, 17, 113, 4129
What are the prime factors of 93653340?
2, 3, 5, 11, 17, 491
List the prime factors of 810410838.
2, 3, 19, 41, 83, 2089
List the prime factors of 3939983933.
54941, 71713
What are the prime factors of 282938995?
5, 56587799
What are the prime factors of 109579399?
17, 79, 139, 587
What are the prime factors of 113878420?
2, 5, 5693921
List the prime factors of 71918794.
2, 1447, 24851
What are the prime factors of 33102788?
2, 19, 435563
What are the prime factors of 399854846?
2, 199927423
What are the prime factors of 86649410?
2, 5, 8664941
What are the prime factors of 61900282?
2, 30950141
What are the prime factors of 43029777?
3, 7, 73, 28069
List the prime factors of 296684649.
3, 43, 151, 5077
What are the prime factors of 1417586146?
2, 499, 839, 1693
List the prime factors of 1261975671.
3, 11, 17, 6197
List the prime factors of 1316972418.
2, 3, 29, 311, 24337
What are the prime factors of 642487524?
2, 3, 7, 31, 246731
What are the prime factors of 147350664?
2, 3, 227393
What are the prime factors of 44737283?
44737283
What are the prime factors of 1208320361?
773, 1563157
List the prime factors of 491608533.
3, 13, 17, 741491
List the prime factors of 395575800.
2, 3, 5, 647, 1019
List the prime factors of 1688311444.
2, 29, 14554409
List the prime factors of 709208949.
3, 29, 8151827
List the prime factors of 155593811.
41, 3794971
What are the prime factors of 636525433?
636525433
What are the prime factors of 58110290?
2, 5, 7, 131, 6337
List the prime factors of 1501575772.
2, 375393943
What are the prime factors of 53997891?
3, 83, 216859
What are the prime factors of 73909671?
3, 11, 2239687
List the prime factors of 98831526.
2, 3, 137, 120233
What are the prime factors of 53822854?
2, 127, 313, 677
What are the prime factors of 748974894?
2, 3, 163, 765823
List the prime factors of 2050599084.
2, 3, 170883257
What are the prime factors of 113816984?
2, 41, 347003
List the prime factors of 8188048431.
3, 73, 617, 6733
What are the prime factors of 2208425124?
2, 3, 9391, 19597
What are the prime factors of 252562602?
2, 3, 1327, 31721
List the prime factors of 270820915.
5, 59, 137, 6701
What are the prime factors of 1463599604?
2, 365899901
List the prime factors of 6429939867.
3, 13, 157, 116681
What are the prime factors of 94109203?
94109203
What are the prime factors of 712174768?
2, 44510923
What are the prime factors of 581543390?
2, 5, 58154339
What are the prime factors of 21038719?
13, 19, 4483
List the prime factors of 942968310.
2, 3, 5, 37, 509, 1669
What are the prime factors of 1310643950?
2, 5, 7, 11, 67, 5081
What are the prime factors of 1192143785?
5, 7, 17, 113, 149
What are the prime factors of 3505451?
17, 206203
List the prime factors of 4609089577.
23, 200395199
List the prime factors of 1468649013.
3, 13, 37657667
List the prime factors of 37968566.
2, 157, 120919
List the prime factors of 285156324.
2, 3, 53, 103, 1451
What are the prime factors of 2479427278?
2, 23, 53900593
What are the prime factors of 302253110?
2, 5, 30225311
What are the prime factors of 281786776?
2, 31, 1136237
List the prime factors of 821563778.
2, 7, 58683127
What are the prime factors of 224622809?
224622809
List the prime factors of 23316430.
2, 5, 617, 3779
List the prime factors of 554237152.
2, 7, 2474273
List the prime factors of 1418502892.
2, 37, 109, 87931
What are the prime factors of 629875519?
7, 13, 6921709
What are the prime factors of 318981716?
2, 797, 100057
List the prime factors of 625602015.
3, 5, 4634089
List the prime factors of 195923738.
2, 43, 52981
List the prime factors of 1395963293.
1395963293
List the prime factors of 35791081.
31, 1154551
List the prime factors of 423394279.
7, 11, 5498627
What are the prime factors of 142196798?
2, 19, 443, 8447
List the prime factors of 2466920601.
3, 89, 3079801
List the prime factors of 356558226.
2, 3, 97, 612643
What are the prime factors of 281075845?
5, 2741, 20509
What are the prime factors of 9679078?
2, 4839539
What are the prime factors of 5474905633?
367, 691, 21589
What are the prime factors of 33822873?
3, 7, 67, 2671
What are the prime factors of 130835456?
2, 67, 1907
List the prime factors of 573058540.
2, 5, 89, 97, 3319
What are the prime factors of 73811271?
3, 24603757
What are the prime factors of 573715166?
2, 286857583
List the prime factors of 73802011.
1409, 52379
What are the prime factors of 7174602045?
3, 5, 13, 12264277
List the prime factors of 159015208.
2, 11, 101, 17891
List the prime factors of 51571192.
2, 37, 59, 2953
What are the prime factors of 192602163?
3, 13, 17, 31, 9371
What are the prime factors of 438135147?
3, 107, 454969
List the prime factors of 1139840799.
3, 19, 2267, 8821
What are the prime factors of 99520332?
2, 3, 8293361
List the prime factors of 679757140.
2, 5, 33987857
List the prime factors of 50208271.
50208271
List the prime factors of 45535300.
2, 5, 455353
List the prime factors of 435480909.
3, 43, 3375821
List the prime factors of 170427548.
2, 29, 71, 20693
List the prime factors of 388405492.
2, 97101373
What are the prime factors of 94598021?
7, 181, 197, 379
What are the prime factors of 1554159031?
1554159031
What are the prime factors of 97991181?
3, 3629303
What are the prime factors of 56026432?
2, 7, 11, 11369
List the prime factors of 2427840645.
3, 5, 97, 1668619
List the prime factors of 629131325.
5, 17, 19, 4583
List the prime factors of 1408648385.
5, 137, 2056421
What are the prime factors of 17487133?
263, 66491
List the prime factors of 1573088269.
1573088269
What are the prime factors of 345811446?
2, 3, 19211747
List the prime factors of 255310425.
3, 5, 389, 2917
List the prime factors of 126517.
126517
What are the prime factors of 163361959?
17, 29, 229, 1447
List the prime factors of 11252202.
2, 3, 13, 144259
What are the prime factors of 8709869?
7, 211, 5897
List the pri